{"id":5,"date":"2017-04-10T09:03:03","date_gmt":"2017-04-10T09:03:03","guid":{"rendered":"http:\/\/kaffee-kueche-kante.de\/?page_id=5"},"modified":"2023-03-19T16:30:19","modified_gmt":"2023-03-19T16:30:19","slug":"kontakt","status":"publish","type":"page","link":"https:\/\/kaffee-kueche-kante.de\/?page_id=5","title":{"rendered":"Impressum"},"content":{"rendered":"<p><strong>\u00d6ffnungszeiten:<\/strong><\/p>\n<p>Montag bis Freitag von 11:30Uhr bis 14:30Uhr<\/p>\n<hr \/>\n<p><strong>Gut essen. Gut leben. GmbH<\/strong><br \/>\nKAFFEE.K\u00dcCHE.KANTE<br \/>\nErnst-Ruska-Ring 9a<br \/>\n07745 Jena<br \/>\nTelefon: 0174-8355809<br \/>\ne-Mail: info@kaffee-kueche-kante.de<\/p>\n<p>Firmenhauptsitz:<br \/>\nGut essen. Gut leben. GmbH<br \/>\nLutherplatz 3<br \/>\n07743 Jena<\/p>\n<p>UST-IdNr: DE 311014115<br \/>\nSteuerNr: 162\/109\/04194<br \/>\nAmtsgericht Jena HRB 513319<br \/>\nGesch\u00e4ftsf\u00fchrer: Thomas G\u00fcnther, Martin Haase<\/p>\n<p><iframe loading=\"lazy\" style=\"border: 0;\" src=\"https:\/\/www.google.com\/maps\/embed?pb=!1m18!1m12!1m3!1d2516.63737426675!2d11.592037015616988!3d50.89342157953897!2m3!1f0!2f0!3f0!3m2!1i1024!2i768!4f13.1!3m3!1m2!1s0x47a6aed5298c6c81%3A0xbc2f9f02422d4d82!2sErnst-Ruska-Ring+9%2C+07745+Jena!5e0!3m2!1sde!2sde!4v1491814887847\" width=\"600\" height=\"450\" frameborder=\"0\" allowfullscreen=\"allowfullscreen\"><\/iframe><\/p>\n<p><img loading=\"lazy\" decoding=\"async\" class=\"wp-image-1042 alignleft\" src=\"https:\/\/kaffee-kueche-kante.de\/wp-content\/uploads\/2019\/12\/EFRE-Thueringen-Logo-240.png\" alt=\"\" width=\"130\" height=\"49\" srcset=\"https:\/\/kaffee-kueche-kante.de\/wp-content\/uploads\/2019\/12\/EFRE-Thueringen-Logo-240.png 636w, https:\/\/kaffee-kueche-kante.de\/wp-content\/uploads\/2019\/12\/EFRE-Thueringen-Logo-240-300x113.png 300w\" sizes=\"auto, (max-width: 130px) 100vw, 130px\" \/><\/p>\n<p style=\"text-align: left;\">EFRE<\/p>\n<p><u>Die Realisierung des Projektes wurde unter anderem durch eine F\u00f6rderung der Europ\u00e4ischen Union erm\u00f6glicht.<\/u><\/p>\n","protected":false},"excerpt":{"rendered":"<p>\u00d6ffnungszeiten: Montag bis Freitag von 11:30Uhr bis 14:30Uhr Gut essen. Gut leben. GmbH KAFFEE.K\u00dcCHE.KANTE Ernst-Ruska-Ring 9a 07745 Jena Telefon: 0174-8355809 e-Mail: info@kaffee-kueche-kante.de Firmenhauptsitz: Gut essen. Gut leben. GmbH Lutherplatz 3 07743 Jena UST-IdNr: DE 311014115 SteuerNr: 162\/109\/04194 Amtsgericht Jena HRB 513319 Gesch\u00e4ftsf\u00fchrer: Thomas G\u00fcnther, Martin Haase EFRE Die Realisierung des Projektes wurde unter anderem durch eine F\u00f6rderung der Europ\u00e4ischen Union erm\u00f6glicht.<\/p>\n","protected":false},"author":1,"featured_media":0,"parent":0,"menu_order":80,"comment_status":"closed","ping_status":"closed","template":"","meta":{"footnotes":""},"class_list":["post-5","page","type-page","status-publish","hentry"],"acf":[],"_links":{"self":[{"href":"https:\/\/kaffee-kueche-kante.de\/index.php?rest_route=\/wp\/v2\/pages\/5","targetHints":{"allow":["GET"]}}],"collection":[{"href":"https:\/\/kaffee-kueche-kante.de\/index.php?rest_route=\/wp\/v2\/pages"}],"about":[{"href":"https:\/\/kaffee-kueche-kante.de\/index.php?rest_route=\/wp\/v2\/types\/page"}],"author":[{"embeddable":true,"href":"https:\/\/kaffee-kueche-kante.de\/index.php?rest_route=\/wp\/v2\/users\/1"}],"replies":[{"embeddable":true,"href":"https:\/\/kaffee-kueche-kante.de\/index.php?rest_route=%2Fwp%2Fv2%2Fcomments&post=5"}],"version-history":[{"count":20,"href":"https:\/\/kaffee-kueche-kante.de\/index.php?rest_route=\/wp\/v2\/pages\/5\/revisions"}],"predecessor-version":[{"id":2412,"href":"https:\/\/kaffee-kueche-kante.de\/index.php?rest_route=\/wp\/v2\/pages\/5\/revisions\/2412"}],"wp:attachment":[{"href":"https:\/\/kaffee-kueche-kante.de\/index.php?rest_route=%2Fwp%2Fv2%2Fmedia&parent=5"}],"curies":[{"name":"wp","href":"https:\/\/api.w.org\/{rel}","templated":true}]}}

<p><strong>Öffnungszeiten:</strong></p>
<p>Montag bis Freitag von 11:30Uhr bis 14:30Uhr</p>
<hr />
<p><strong>Gut essen. Gut leben. GmbH</strong><br />
KAFFEE.KÜCHE.KANTE<br />
Ernst-Ruska-Ring 9a<br />
07745 Jena<br />
Telefon: 0174-8355809<br />
e-Mail: info@kaffee-kueche-kante.de</p>
<p>Firmenhauptsitz:<br />
Gut essen. Gut leben. GmbH<br />
Lutherplatz 3<br />
07743 Jena</p>
<p>UST-IdNr: DE 311014115<br />
SteuerNr: 162/109/04194<br />
Amtsgericht Jena HRB 513319<br />
Geschäftsführer: Thomas Günther, Martin Haase</p>
<p><iframe loading="lazy" style="border: 0;" src="https://www.google.com/maps/embed?pb=!1m18!1m12!1m3!1d2516.63737426675!2d11.592037015616988!3d50.89342157953897!2m3!1f0!2f0!3f0!3m2!1i1024!2i768!4f13.1!3m3!1m2!1s0x47a6aed5298c6c81%3A0xbc2f9f02422d4d82!2sErnst-Ruska-Ring+9%2C+07745+Jena!5e0!3m2!1sde!2sde!4v1491814887847" width="600" height="450" frameborder="0" allowfullscreen="allowfullscreen"></iframe></p>
<p><img loading="lazy" decoding="async" class="wp-image-1042 alignleft" src="https://kaffee-kueche-kante.de/wp-content/uploads/2019/12/EFRE-Thueringen-Logo-240.png" alt="" width="130" height="49" srcset="https://kaffee-kueche-kante.de/wp-content/uploads/2019/12/EFRE-Thueringen-Logo-240.png 636w, https://kaffee-kueche-kante.de/wp-content/uploads/2019/12/EFRE-Thueringen-Logo-240-300x113.png 300w" sizes="auto, (max-width: 130px) 100vw, 130px" /></p>
<p style="text-align: left;">EFRE</p>
<p><u>Die Realisierung des Projektes wurde unter anderem durch eine Förderung der Europäischen Union ermöglicht.</u></p>

<p>Öffnungszeiten: Montag bis Freitag von 11:30Uhr bis 14:30Uhr Gut essen. Gut leben. GmbH KAFFEE.KÜCHE.KANTE Ernst-Ruska-Ring 9a 07745 Jena Telefon: 0174-8355809 e-Mail: info@kaffee-kueche-kante.de Firmenhauptsitz: Gut essen. Gut leben. GmbH Lutherplatz 3 07743 Jena UST-IdNr: DE 311014115 SteuerNr: 162/109/04194 Amtsgericht Jena HRB 513319 Geschäftsführer: Thomas Günther, Martin Haase EFRE Die Realisierung des Projektes wurde unter anderem durch eine Förderung der Europäischen Union ermöglicht.</p>
